{"id":327,"date":"2011-04-05T20:15:07","date_gmt":"2011-04-05T20:15:07","guid":{"rendered":"https:\/\/www.historymuseum.ca\/nouvelle-france\/"},"modified":"2012-06-06T10:41:44","modified_gmt":"2012-06-06T14:41:44","slug":"credits","status":"publish","type":"page","link":"https:\/\/www.historymuseum.ca\/virtual-museum-of-new-france\/credits\/","title":{"rendered":"Credits"},"content":{"rendered":"<h2>Virtual Museum of New-France Core Team<\/h2>\n<p><strong>Project direction and conception:<\/strong> Yves MONETTE, Ph.D., Curator, Quebec Archaeology, Canadian Museum of Civilization<br \/>\n<strong>Project co-director:<\/strong> Jean-Fran\u00e7ois LOZIER, Ph.D., Curator, Canadian History Before 1800, Canadian Museum of Civilization<br \/>\n<strong>Revision of the content:<\/strong> Jean-Pierre HARDY, Ph.D., historian<br \/>\n<strong>Research assistant:<\/strong> Caroline JOBIN<\/p>\n<h2>Principal Collaborators<\/h2>\n<p><strong>From the Middle Ages to the Age of Discovery:<\/strong> Anna LEWIS, Ph.D. historian<br \/>\n<strong>Founding Sites:<\/strong> Raymonde LITALIEN, Ph.D., archivist and historian, Library and Archives Canada<br \/>\n<strong>French Colonial Expansion and Franco-Amerindian Alliances:<\/strong> Arnaud BALVAY, Ph.D., historian<br \/>\n<strong>Other Colonial Powers:<\/strong> Lauric HENNETON, Ph.D., Universit\u00e9 Versailles Saint-Quentin en Yvelines (France)<br \/>\n<strong>Governance and Sites of Power:<\/strong> Marie-\u00c8ve OUELLET, Ph.D. candidate, Universit\u00e9 de Montr\u00e9al and Universit\u00e9 Rennes 2 Haute-Bretagne (France)<br \/>\n<strong>Basque Whalers:<\/strong> Peter E. POPE, Ph.D., Memorial University, Newfoundland<br \/>\n<strong>Immigration:<\/strong> Leslie CHOQUETTE, Ph.D., Assumption College (MA)<br \/>\n<strong>Slavery<\/strong> and <strong>Social Groups:<\/strong> Arnaud BESSI\u00c8RE, Ph.D., CIEQ \u2013 Universit\u00e9 de Montr\u00e9al<br \/>\n<strong>Religious Congregations:<\/strong> Claire GOURDEAU, M.A., historian<br \/>\n<strong>Pays d\u2019en Haut and Louisiana:<\/strong> Elizabeth SCOTT, Ph.D., Illinois State University<br \/>\n<strong>Foodways:<\/strong> Yvon DESLOGES, Ph.D., historian<br \/>\n<strong>Entertainment:<\/strong> Gilles PROULX, Ph.D., historian<br \/>\n<strong>Health and Medicine:<\/strong> St\u00e9phanie T\u00c9SIO, Ph.D., historian<br \/>\n<strong>Vernacular Architecture in New France:<\/strong> H\u00e9l\u00e8ne C\u00d4T\u00c9, Ph.D., historical archaeologist<\/p>\n<h2>Website Development<\/h2>\n<p><strong>Web Developer:<\/strong> Charles WHALEN<br \/>\n<strong>Web Quality Assurance Analyst:<\/strong> Sandra HAMMEL<br \/>\n<strong>Web Developer:<\/strong> Shane BRYSON<br \/>\n<strong>Web Project Manager:<\/strong> Rafy TERZIAN<\/p>\n","protected":false},"excerpt":{"rendered":"<p>Virtual Museum of New-France Core Team Project direction and conception: Yves MONETTE, Ph.D., Curator, Quebec Archaeology, Canadian Museum of Civilization Project co-director: Jean-Fran\u00e7ois LOZIER, Ph.D., Curator, Canadian History Before 1800, Canadian Museum of Civilization Revision of the content: Jean-Pierre HARDY, Ph.D., historian Research assistant: Caroline JOBIN Principal Collaborators From the Middle Ages to the Age [&hellip;]<\/p>\n","protected":false},"author":15,"featured_media":1261,"parent":0,"menu_order":81,"comment_status":"open","ping_status":"open","template":"","meta":{"footnotes":""},"_links":{"self":[{"href":"https:\/\/www.historymuseum.ca\/virtual-museum-of-new-france\/wp-json\/wp\/v2\/pages\/327"}],"collection":[{"href":"https:\/\/www.historymuseum.ca\/virtual-museum-of-new-france\/wp-json\/wp\/v2\/pages"}],"about":[{"href":"https:\/\/www.historymuseum.ca\/virtual-museum-of-new-france\/wp-json\/wp\/v2\/types\/page"}],"author":[{"embeddable":true,"href":"https:\/\/www.historymuseum.ca\/virtual-museum-of-new-france\/wp-json\/wp\/v2\/users\/15"}],"replies":[{"embeddable":true,"href":"https:\/\/www.historymuseum.ca\/virtual-museum-of-new-france\/wp-json\/wp\/v2\/comments?post=327"}],"version-history":[{"count":28,"href":"https:\/\/www.historymuseum.ca\/virtual-museum-of-new-france\/wp-json\/wp\/v2\/pages\/327\/revisions"}],"predecessor-version":[{"id":3367,"href":"https:\/\/www.historymuseum.ca\/virtual-museum-of-new-france\/wp-json\/wp\/v2\/pages\/327\/revisions\/3367"}],"wp:featuredmedia":[{"embeddable":true,"href":"https:\/\/www.historymuseum.ca\/virtual-museum-of-new-france\/wp-json\/wp\/v2\/media\/1261"}],"wp:attachment":[{"href":"https:\/\/www.historymuseum.ca\/virtual-museum-of-new-france\/wp-json\/wp\/v2\/media?parent=327"}],"curies":[{"name":"wp","href":"https:\/\/api.w.org\/{rel}","templated":true}]}}