{"id":2410,"date":"2011-11-23T10:59:31","date_gmt":"2011-11-23T14:59:31","guid":{"rendered":"https:\/\/www.historymuseum.ca\/virtual-museum-of-new-france\/"},"modified":"2012-02-21T18:14:30","modified_gmt":"2012-02-21T22:14:30","slug":"louis-hennepin-1678-1680","status":"publish","type":"page","link":"https:\/\/www.historymuseum.ca\/virtual-museum-of-new-france\/the-explorers\/louis-hennepin-1678-1680\/","title":{"rendered":"Louis Hennepin 1678-1680"},"content":{"rendered":"<p>The reputation of the missionary and explorer Louis Hennepin is very bad indeed. A companion and prot\u00e9g\u00e9 of Robert Cavelier de La Salle, who despised the Jesuits and surrounded himself with the R\u00e9collets, Hennepin followed the explorer from 1676 to 1680. He was not highly thought of in the colony where he lived for a few months at the beginning and end of his sojourn, but he painted a portrait of himself as a daring and courageous missionary.<\/p>\n<p>An exceptional promoter of the territories of North America in Europe, he lied in describing himself as La Salle\u2019s equal in the 1678 expedition to the Baie des Puants (Green Bay). Worse still, after the death of his leader, he actually claimed to have discovered the mouth of the Mississippi two years before La Salle. By claiming for himself a merit that is still disputed to this day, the author of the first description of Niagara Falls threw discredit on his own contributions to the exploration of North America.<\/p>\n<h2>Route<\/h2>\n\r\n      <div class=\"non-animated-mobile-map\">\r\n        <img decoding=\"async\" src=\"https:\/\/www.historymuseum.ca\/virtual-museum-of-new-france\/wp-content\/themes\/nouvelle-france-responsive\/maps\/en\/hennepin-1678-1680\/Hennepin_1678-1680_en.jpg\" title=\"Hennepin 1678-1680\" alt=\"Hennepin 1678-1680\" \/>\r\n      <\/div>\r\n      <div class=\"hennepin16781680Map animated-map\" style=\"width:569px; height:582px; position:relative; margin: 10px auto; background-image:url(https:\/\/www.historymuseum.ca\/virtual-museum-of-new-france\/wp-content\/themes\/nouvelle-france-responsive\/maps\/en\/hennepin-1678-1680\/map-fr.png); background-repeat:no-repeat;\">\r\n            <script type=\"text\/javascript\" src=\"https:\/\/www.historymuseum.ca\/virtual-museum-of-new-france\/wp-content\/themes\/nouvelle-france-responsive\/maps\/en\/hennepin-1678-1680\/hennepin-1678-1680.js\"><\/script>\r\n            <canvas id=\"hennepin16781680Canvas\" width=\"569\" height=\"582\" style=\"position:absolute;left:0;top:0;z-index:1\">\r\n              <img decoding=\"async\" src=\"https:\/\/www.historymuseum.ca\/virtual-museum-of-new-france\/wp-content\/themes\/nouvelle-france-responsive\/maps\/en\/hennepin-1678-1680\/Hennepin_1678-1680_en.jpg\" title=\"Hennepin 1678-1680\" alt=\"Hennepin 1678-1680\" \/>\r\n            <\/canvas>\r\n            <canvas id=\"hennepin16781680Canvas2\" width=\"569\" height=\"582\" style=\"position:absolute;left:0;top:0;z-index:2\"><\/canvas>\r\n            <canvas id=\"hennepin16781680Canvas3\" width=\"569\" height=\"582\" style=\"position:absolute;left:0;top:0;z-index:3\"><\/canvas>\r\n            <canvas id=\"hennepin16781680Canvas4\" width=\"569\" height=\"582\" style=\"position:absolute;left:0;top:0;z-index:4\"><\/canvas>\r\n            <canvas id=\"hennepin16781680Canvas5\" width=\"569\" height=\"582\" style=\"position:absolute;left:0;top:0;z-index:5\"><\/canvas>\r\n      <\/div>\r\n      <div class=\"mapbutton-wrap\" style=\"width:569px;\">\r\n        <button class=\"mapbutton\" style=\"float: right\" onclick=\"hennepin16781680Reset();\">Reset Map<\/button>\r\n      <\/div>\r\n      <div class=\"clear\"><\/div>\r\n    \n<h2>The Military Chaplain<\/h2>\n<p>Louis Hennepin was born in Ath, Belgium, on May 12, 1626, to a family which, without being rich, nonetheless allowed him to pursue his studies. These ended in 1643 with his entrance into the order of Franciscan R\u00e9collets. Years of apostolate in Italy, Germany and Holland were followed by a stint on the French Atlantic coast, where he collected for his order. \u201d My greatest passion,\u201d he wrote, concerning his stay in Calais, \u201cwas to hear the stories ships\u2019 captains told of their long voyages [&#8230;]I would have spent entire days and nights without sleeping, listening to them, because I always learned something new.\u201d<\/p>\n<p>Plunged back into the \u201d regulations of pure and severe virtue \u201c, he travelled in Holland where he was caught in the midst of the Franco-Dutch war that began in 1672. As chaplain among the injured and ill soldiers, he showed true devotion. At the battle of August 11, 1674 in Seneffe, Belgium, he encountered Daniel Greysolon Dulhut who would come to his rescue in July 1680.<\/p>\n<h2>A Dream of Adventure<\/h2>\n<p>In 1675, there was no shortage of new lands to discover. Designated by his superiors along with four of his fellow priests for missions in New France, Hennepin arrived in Quebec City on June 16. The journey enabled him to meet Monseigneur de Laval and Robert Cavelier de La Salle who was returning from Versailles with titles of nobility and full ownership of the fort and the seigneurie of Cataracoui created for him.<\/p>\n<p>We don\u2019t know at exactly what moment the alliance between the missionary and La Salle the explorer was sealed, but it seems it was already settled that Hennepin would be part of the next expedition. While awaiting adventure, he performed his religious duties in the posts and missions of the North Shore, from Pointe-Claire (Montreal) to Cap-Tourmente (Beaupr\u00e9).<\/p>\n<h2>Towards Niagara<\/h2>\n<p>In early spring 1676, Hennepin was sent to Fort Cataracoui, renamed Frontenac in honour of the governor. There he built a chapel and a residence for the missionaries. Two years later, he was back in Quebec City. He met Cavelier de La Salle, back from France in September 1678 with the authorization to further explore as far as Florida and New Mexico. The explorer had also obtained permission for Hennepin and two of his colleagues to come along and perform their duties in the wake of the discoveries.<\/p>\n<p>Hennepin and a party of La Salle\u2019s men left Quebec City on November 18, 1678. They were joined by the explorer at Fort Frontenac, and the group travelled to the junction of Lake Erie and Lake Ontario, marked by the incredible cataract of Niagara Falls. Arriving there in the first days of December 1678, the group began the construction of Fort Conti and of a brig, the Griffon. La Salle reserved Hennepin the honour of \u201csetting the first peg in the vessel.\u201d<\/p>\n<h2>On the Great Lakes<\/h2>\n<p>The first ship ever to navigate on Lakes Erie, Huron and Michigan set sail on August 7, 1679. After a stop at Sault Sainte-Marie, at the junction of Lake Huron and Lake Superior, the brig headed toward Michillimakinac and Lake Michigan. At the end of the fall, it stationed in Baie des Puants (Green Bay) before being sent towards Niagara: \u201cagainst our wishes,\u201d wrote Hennepin, \u201cSieur de la Salle, who never took advice from anyone, resolved to send the ship on and continue the route by canoe.\u201d<\/p>\n<p>Things were going badly at Fort Cr\u00e8vecoeur, built in January 1680, on the site of the present-day city of Peoria, Illinois. Workers and coureurs des bois had deserted, food was scarce and they were lacking the necessary materials for navigation. This was the context in which Cavelier de La Salle decided to return to Niagara. Hennepin apparently refused to give up, and even proposed to set out ahead on the Mississippi : \u201cIn this extreme situation, we both took a decision that was both extraordinary and difficult: myself to head out with two men into unknown territory, and La Salle to return on foot to Fort Frontenac, more than five hundred leagues away.\u201d The two men would never see each other again.<\/p>\n<h2>At the Source of the Mississippi<\/h2>\n<p>Two coureurs des bois, Michel Accault and Antoine Auguel dit Le Picard Du Guay, accompanied Hennepin. In Description de la Louisiane nouvellement d\u00e9couverte au Sud Ouest de la Nouvelle-France [&#8230;] published in Paris in 1683, Hennepin is clear that he did not discover the mouth of the Mississippi: \u201cWe had plans to travel to the mouth of the Colbert (Meschasipi), but the nations did not give us the time to navigate up and down this river.\u201d<\/p>\n<p>If the missionary\u2019s tale is to be believed, between February 29 and March 10, the three men affronted the ice and travelled down the Illinois River as far as the Mississippi. From there, remounting the tumultuous river, they passed present-day Minneapolis where a waterfall was named St. Anthony Falls. Advancing toward the north and west of Lake Superior, the three men reached Lac des Issatis (Leech Lake), source of the Mississippi River.<\/p>\n<p>Again according to the 1683 story, Hennepin and his companions then returned toward Fort Cr\u00e8vecoeur. They were still a good distance from the mouth of the Illinois when, in the early afternoon of April 11, 1680, they were captured by the Sioux who took them toward the Mille Lacs region, south of Lake Superior. Adopted by the village chief, the three men were confined there. On July 25 Daniel Greysolon Dulhut,who had negotiated the alliance of the French and the Western tribes against the Iroquois, came to demand the liberation of Hennepin, Accault and Auguel, who were only freed in September.<\/p>\n<h2>A Strange Silence<\/h2>\n<p>After wintering in Michillimakinac, Dulhut and Hennepin returned to the colony. Curiously, the missionary, who then travelled from Montreal to Quebec City with Frontenac, told him of his expedition, but kept silent on the details of his purported voyage toward the south of the Mississippi and the Gulf of Mexico. He maintained the same silence with Monseigneur de Laval. On his return to France at the end of 1681, Hennepin began writing his first book. His Description de la Louisiane [&#8230;] is inspired by the tales of one of his colleagues, who took part in Cavelier de La Salle\u2019s possession of Louisiana on April 9, 1682. Dedicated to Louis XIV, the work was an enormous success. It was translated and re-edited in its original form on three occasions.<\/p>\n<h2>The Secret Plans of La Salle<\/h2>\n<p>In 1697, Louis Hennepin placed himself under the protection of the King of England, William III, to whom he dedicated the Nouvelle D\u00e9couverte d\u2019un tr\u00e8s grand Pays Situ\u00e9 dans l\u2019Am\u00e9rique [&#8230;], published in Utrecht, Holland. La Salle, assassinated ten years earlier, was no longer there to contradict Hennepin who for the first time evoked the misunderstanding that he claimed characterized their relations. Nor could La Salle expose the absurdity of his claim to have travelled the length of the Mississippi, in only thirty days before being captured by the Sioux : \u201cIf we had wanted to travel more quickly by canoe, we could have made the trip twice.\u201d<\/p>\n<p>Justifying his earlier silence about an exploit that would have placed him among the world\u2019s great explorers, Hennepin did not hesitate to take swipes at La Salle: \u201cThis is where I would like all the world to know the mystery of this discovery that I have hidden until now so as not to inflict sorrow on Sieur de La Salle, who wanted all the glory and secret knowledge of this discovery for himself alone. This is why he sacrificed several persons to prevent them from publishing what they had seen and from foiling his secret plans.\u201d<\/p>\n<p>Louis Hennepin published his third work in 1698. Nouveau Voyage d\u2019un Pais plus grand que l\u2019Europe [&#8230;] reaffirmed his contribution to the discovery of North America. The missionary\/author was then an undesirable subject in his own community. Due to circumstances and his thirst for fame, he had been a subject of both France and England. He was authorized to return to France in 1698, but on May 27, 1699, Louis XIV ordered that he be arrested if he ever attempted to return to New France. Louis Hennepin died after 1705 and it is not known whether he was still a R\u00e9collet priest.<\/p>\n","protected":false},"excerpt":{"rendered":"<p>The reputation of the missionary and explorer Louis Hennepin is very bad indeed. A companion and prot\u00e9g\u00e9 of Robert Cavelier de La Salle, who despised the Jesuits and surrounded himself with the R\u00e9collets, Hennepin followed the explorer from 1676 to 1680. He was not highly thought of in the colony where he lived for a [&hellip;]<\/p>\n","protected":false},"author":15,"featured_media":0,"parent":2338,"menu_order":130,"comment_status":"open","ping_status":"closed","template":"","meta":{"footnotes":""},"_links":{"self":[{"href":"https:\/\/www.historymuseum.ca\/virtual-museum-of-new-france\/wp-json\/wp\/v2\/pages\/2410"}],"collection":[{"href":"https:\/\/www.historymuseum.ca\/virtual-museum-of-new-france\/wp-json\/wp\/v2\/pages"}],"about":[{"href":"https:\/\/www.historymuseum.ca\/virtual-museum-of-new-france\/wp-json\/wp\/v2\/types\/page"}],"author":[{"embeddable":true,"href":"https:\/\/www.historymuseum.ca\/virtual-museum-of-new-france\/wp-json\/wp\/v2\/users\/15"}],"replies":[{"embeddable":true,"href":"https:\/\/www.historymuseum.ca\/virtual-museum-of-new-france\/wp-json\/wp\/v2\/comments?post=2410"}],"version-history":[{"count":3,"href":"https:\/\/www.historymuseum.ca\/virtual-museum-of-new-france\/wp-json\/wp\/v2\/pages\/2410\/revisions"}],"predecessor-version":[{"id":2794,"href":"https:\/\/www.historymuseum.ca\/virtual-museum-of-new-france\/wp-json\/wp\/v2\/pages\/2410\/revisions\/2794"}],"up":[{"embeddable":true,"href":"https:\/\/www.historymuseum.ca\/virtual-museum-of-new-france\/wp-json\/wp\/v2\/pages\/2338"}],"wp:attachment":[{"href":"https:\/\/www.historymuseum.ca\/virtual-museum-of-new-france\/wp-json\/wp\/v2\/media?parent=2410"}],"curies":[{"name":"wp","href":"https:\/\/api.w.org\/{rel}","templated":true}]}}