{"id":82,"date":"2015-03-23T12:28:14","date_gmt":"2015-03-23T16:28:14","guid":{"rendered":"https:\/\/www.historymuseum.ca\/harbinson\/?page_id=82"},"modified":"2015-03-31T14:27:43","modified_gmt":"2015-03-31T18:27:43","slug":"bibliography","status":"publish","type":"page","link":"https:\/\/www.historymuseum.ca\/harbinson\/additional-information\/bibliography\/","title":{"rendered":"Bibliography"},"content":{"rendered":"<h2>English References<\/h2>\n<p>Bird, Michael. <em>Canadian Folk Art: Old Ways in a New Land.<\/em> Toronto: Oxford University Press, 1983.<\/p>\n<p>Bird, Michael, and Terry Kobayashi. <em>A Splendid Harvest: Germanic Folk and Decorative Arts in Canada.<\/em> Toronto: Van Nostrand Reinhold, 1981.<\/p>\n<p>Burke, Susan M., and Matthew H. Hill. <em>From Pennsylvania to Waterloo: Pennsylvania-German Folk Culture in Transition.<\/em> Proceedings of 10th Anniversary Symposium: Continuity and Change, Kitchener, Ont., July 4\u20137. Joseph Schneider Haus, 1991.<\/p>\n<p>Burnham, Dorothy K. <em>The Comfortable Arts: Traditional Spinning and Weaving in Canada<\/em>. Ottawa: National Gallery of Canada, 1981.<\/p>\n<p>Burnham, Harold, and Dorothy Burnham. <em>\u201cKeep Me Warm One Night\u201d: Early Handweaving in Eastern Canada<\/em>. Toronto: University of Toronto Press, 1972.<\/p>\n<p>Collard, Elizabeth. <em>Nineteenth-Century Pottery and Porcelain in Canada<\/em>. 2nd ed. Montr\u00e9al: McGill-Queen\u2019s University Press, 1984.<\/p>\n<p>Dobson, Henry, and Barbara Dobson. <em>The Early Furniture of Ontario and the Atlantic Provinces.<\/em> Toronto: M. F. Feheley, 1974.<\/p>\n<p>\u2014\u2014\u2014. <em>A Provincial Elegance: Arts of the Early French and English Settlements in Canada<\/em>. Exhibition catalogue. Kitchener, Ont.: Kitchener-Waterloo Art Gallery, 1982.<\/p>\n<p>\u2014\u2014\u2014. <em>Heritage Furnishings of Atlantic Canada: A Visual Survey With Pertinent Points.<\/em> Kingston, Ont.: Quarry Press, 2010.<\/p>\n<p>Fleming, John. <em>The Painted Furniture of French Canada, 1700\u20131840<\/em>. Camden East, Ont.: Camden House and Canadian Museum of Civilization, 1994.<\/p>\n<p>Fleming, John, and Michael Rowan. <em>Folk Furniture of Canada\u2019s Doukhobors, Hutterites, Mennonites and Ukrainians<\/em>. Edmonton: University of Alberta Press, 2004.<\/p>\n<p>\u2014\u2014\u2014. <em>Canadian Folk Art to 1950<\/em>. Edmonton: University of Alberta Press and Canadian Museum of Civilization, 2012.<\/p>\n<p>Fleming, Patricia, and Thomas Carpenter. <em>Traditions in Wood: A History of Wildfowl Decoys in Canada<\/em>. Camden East, Ont.: Camden House, 1987.<\/p>\n<p>Harper, J. Russell. <em>A People\u2019s Art: Primitive, Na\u00efve, Provincial, and Folk Painting in Canada<\/em>. Toronto: University of Toronto Press, 1974.<\/p>\n<p>McKendry, Ruth. <em>Quilts and Other Bed Coverings in the Canadian Tradition<\/em>. Toronto and New York: Van Nostrand Reinhold, 1979.<\/p>\n<p>Newlands, David L. <em>Early Ontario Potters: Their Craft and Trade<\/em>. Toronto: McGraw-Hill Ryerson, 1979.<\/p>\n<p>Pain, Howard. <em>The Heritage of Upper Canadian Furniture, 1780\u20131900<\/em>. Toronto and New York: Van Nostrand Reinhold, 1978.<\/p>\n<p>Palardy, Jean. <em>The Early Furniture of French Canada<\/em>. Translated by Eric McLean. Toronto and New York: Macmillan, 1965.<\/p>\n<p>Webster, Donald Blake. <em>Early Canadian Pottery<\/em>. Toronto: McClelland and Stewart, 1971.<\/p>\n<p>\u2014\u2014\u2014. <em>English-Canadian Furniture of the Georgian Period.<\/em> Toronto: McGraw-Hill Ryerson, 1979.<\/p>\n<p>Webster, Donald Blake, ed. <em>The Book of Canadian Antiques<\/em>. Toronto: McGraw-Hill Ryerson, 1979.<\/p>\n<h2>French References<\/h2>\n<p>Blanchette, Jean-Fran\u00e7ois. <em>Du coq \u00e0 l\u2019\u00e2me: L\u2019art populaire au Qu\u00e9bec<\/em>. Ottawa: Canadian Museum of History and University of Ottawa Press, 2014.<\/p>\n<p>Burnham, Dorothy K. <em>L\u2019art des \u00e9toffes: Le filage et le tissage traditionnels au Canada<\/em>. Ottawa: National Gallery of Canada and National Museums of Canada, 1981.<\/p>\n<p>Fleming, John. <em>Les meubles peints du Canada fran\u00e7ais 1700\u20131840<\/em>. Camden East, Ont.: Camden House and Canadian Museum of Civilization, 1994.<\/p>\n<p>Gen\u00eat, Nicole, Louise D\u00e9carie-Audet and Luce Vermette. <em>Les objets familiers de nos anc\u00eatres<\/em>. Montr\u00e9al: Les \u00e9ditions de l\u2019Homme, 1974.<\/p>\n<p>Hardy, Jean-Pierre. <em>La vie quotidienne dans la vall\u00e9e du Saint-Laurent 1790\u20131835<\/em>. Sillery, Que.: Les \u00e9ditions du Septentrion, 2001.<\/p>\n<p>Leahy, George W.<em> L\u2019ornementation dans la maison qu\u00e9b\u00e9coise aux XVII et XVIII si\u00e8cles<\/em>. Sillery, Que.: Les \u00e9ditions du Septentrion, 1994.<\/p>\n<p>Lessard, Michel. <em>Meubles anciens du Qu\u00e9bec<\/em>. Montr\u00e9al: Les \u00e9ditions de l\u2019Homme, 1999.<\/p>\n<p>Lessard, Michel, and Huguette Marquis. <em>Encyclop\u00e9die des antiquit\u00e9s du Qu\u00e9bec<\/em>. Montr\u00e9al: Les \u00e9ditions de l&#8217;Homme, 1971.<\/p>\n<p>Palardy, Jean.<em> Les meubles anciens du Canada fran\u00e7ais<\/em>. Paris: Arts et M\u00e9tiers Graphiques, 1963.<\/p>\n<p>Simard, Jean. <em>Les arts sacr\u00e9s au Qu\u00e9bec<\/em>. Ottawa: Les \u00c9ditions de Mortagne, 1989.<\/p>\n<p>Villeneuve, Ren\u00e9. <em>Du baroque au n\u00e9oclassicisme: La sculpture au Qu\u00e9bec<\/em>. Ottawa: National Gallery of Canada, 1997.<\/p>\n","protected":false},"excerpt":{"rendered":"<p>English References Bird, Michael. Canadian Folk Art: Old Ways in a New Land. Toronto: Oxford University Press, 1983. Bird, Michael, and Terry Kobayashi. A Splendid Harvest: Germanic Folk and Decorative Arts in Canada. Toronto: Van Nostrand Reinhold, 1981. Burke, Susan M., and Matthew H. Hill. From Pennsylvania to Waterloo: Pennsylvania-German Folk Culture in Transition. Proceedings [&hellip;]<\/p>\n","protected":false},"author":1,"featured_media":79,"parent":14,"menu_order":0,"comment_status":"open","ping_status":"open","template":"","meta":{"footnotes":""},"_links":{"self":[{"href":"https:\/\/www.historymuseum.ca\/harbinson\/wp-json\/wp\/v2\/pages\/82"}],"collection":[{"href":"https:\/\/www.historymuseum.ca\/harbinson\/wp-json\/wp\/v2\/pages"}],"about":[{"href":"https:\/\/www.historymuseum.ca\/harbinson\/wp-json\/wp\/v2\/types\/page"}],"author":[{"embeddable":true,"href":"https:\/\/www.historymuseum.ca\/harbinson\/wp-json\/wp\/v2\/users\/1"}],"replies":[{"embeddable":true,"href":"https:\/\/www.historymuseum.ca\/harbinson\/wp-json\/wp\/v2\/comments?post=82"}],"version-history":[{"count":9,"href":"https:\/\/www.historymuseum.ca\/harbinson\/wp-json\/wp\/v2\/pages\/82\/revisions"}],"predecessor-version":[{"id":715,"href":"https:\/\/www.historymuseum.ca\/harbinson\/wp-json\/wp\/v2\/pages\/82\/revisions\/715"}],"up":[{"embeddable":true,"href":"https:\/\/www.historymuseum.ca\/harbinson\/wp-json\/wp\/v2\/pages\/14"}],"wp:featuredmedia":[{"embeddable":true,"href":"https:\/\/www.historymuseum.ca\/harbinson\/wp-json\/wp\/v2\/media\/79"}],"wp:attachment":[{"href":"https:\/\/www.historymuseum.ca\/harbinson\/wp-json\/wp\/v2\/media?parent=82"}],"curies":[{"name":"wp","href":"https:\/\/api.w.org\/{rel}","templated":true}]}}