
{"id":28257,"date":"2026-01-06T09:29:24","date_gmt":"2026-01-06T14:29:24","guid":{"rendered":"https:\/\/www.historymuseum.ca\/boutique\/?post_type=product&#038;p=28257"},"modified":"2026-03-27T14:06:57","modified_gmt":"2026-03-27T18:06:57","slug":"river-of-dreams-impressionism-on-the-st-lawrence","status":"publish","type":"product","link":"https:\/\/www.historymuseum.ca\/boutique\/product\/river-of-dreams-impressionism-on-the-st-lawrence\/","title":{"rendered":"River of Dreams: Impressionism on the St. Lawrence"},"content":{"rendered":"","protected":false},"excerpt":{"rendered":"<p><strong>River of Dreams: Impressionism on the St. Lawrence<\/strong><br \/>\nBy Anne-Marie Bouchard &amp; Sarah Milroy<\/p>\n<p><em>River of Dreams<\/em>\u00a0celebrates the unique ways that Impressionism was practised by artists in Quebec, offering a close look at the work of such luminaries as Clarence Gagnon, Henrietta Mabel May, James Wilson Morrice, and Marc-Aur\u00e8le de Foy Suzor-Cot\u00e9. These artists documented the shoreline of the St. Lawrence and its surrounding regions, from Montr\u00e9al downriver to Mont-Saint-Hilaire, Arthabaska, Qu\u00e9bec, Beaupr\u00e9, and Charlevoix.<\/p>\n<p>The Quebec Impressionists were painting at a time of considerable industrial and social change in Quebec, and their choices about what to paint proved pivotal in cementing an image of the province as a site of both industry and leisure \u2014 whether in scenes of the industrial port of Montr\u00e9al, or others capturing the traditional rural way of life in small villages.<\/p>\n<p>Featuring a lead essay by curator Anne-Marie Bouchard; reflections on individual painters by leading artists, curators, and scholars; and more than 175 full-colour images (including reproductions of more than 100 paintings; examples of textiles, pottery, and Indigenous trade goods of the period; and archival photographs),\u00a0<em>River of Dreams<\/em>\u00a0is a magnificent tribute to a movement that shaped Canadian art.<\/p>\n<p><strong>ISBN:<\/strong> 9781773104287<br \/>\n<strong>Number of pages:<\/strong> 256<br \/>\n<strong>Size:<\/strong> 9.25&#8243; x 10.20&#8243;<br \/>\n<strong>Type:<\/strong> Hardcover<\/p>\n","protected":false},"featured_media":28264,"comment_status":"open","ping_status":"closed","template":"","meta":{"_acf_changed":false},"product_cat":[2246,301],"product_tag":[1757],"acf":[],"_links":{"self":[{"href":"https:\/\/www.historymuseum.ca\/boutique\/wp-json\/wp\/v2\/product\/28257"}],"collection":[{"href":"https:\/\/www.historymuseum.ca\/boutique\/wp-json\/wp\/v2\/product"}],"about":[{"href":"https:\/\/www.historymuseum.ca\/boutique\/wp-json\/wp\/v2\/types\/product"}],"replies":[{"embeddable":true,"href":"https:\/\/www.historymuseum.ca\/boutique\/wp-json\/wp\/v2\/comments?post=28257"}],"wp:featuredmedia":[{"embeddable":true,"href":"https:\/\/www.historymuseum.ca\/boutique\/wp-json\/wp\/v2\/media\/28264"}],"wp:attachment":[{"href":"https:\/\/www.historymuseum.ca\/boutique\/wp-json\/wp\/v2\/media?parent=28257"}],"wp:term":[{"taxonomy":"product_cat","embeddable":true,"href":"https:\/\/www.historymuseum.ca\/boutique\/wp-json\/wp\/v2\/product_cat?post=28257"},{"taxonomy":"product_tag","embeddable":true,"href":"https:\/\/www.historymuseum.ca\/boutique\/wp-json\/wp\/v2\/product_tag?post=28257"}],"curies":[{"name":"wp","href":"https:\/\/api.w.org\/{rel}","templated":true}]}}