
{"id":21187,"date":"2023-10-26T10:09:16","date_gmt":"2023-10-26T14:09:16","guid":{"rendered":"https:\/\/www.historymuseum.ca\/boutique\/?post_type=product&#038;p=21187"},"modified":"2026-03-20T14:41:27","modified_gmt":"2026-03-20T18:41:27","slug":"deploiements-canadiens-francais-et-metis-en-amerique-du-nord-18e-20e-siecle","status":"publish","type":"product","link":"https:\/\/www.historymuseum.ca\/boutique\/product\/deploiements-canadiens-francais-et-metis-en-amerique-du-nord-18e-20e-siecle\/","title":{"rendered":"D\u00e9ploiements canadiens-fran\u00e7ais et m\u00e9tis en Am\u00e9rique du Nord (18e-20e si\u00e8cle)"},"content":{"rendered":"<p>This book is part of the research movement that gives geographical mobility, migration, and those involved their rightful place in the origins and evolution of francophone communities in North America.<\/p>\n<p>The successful completion of this research is due in part to the recent contribution of population micro-databases (primarily censuses and civil registers), which were combined, as well as the digitization of numerous historical archives. The chapters \u2014 from a variety of disciplines including demography, history, geography, literary studies, and sociology \u2014 trace itineraries that illustrate mobility at various temporal, spatial and social scales.<\/p>\n","protected":false},"excerpt":{"rendered":"<p>This work sheds new light on French-Canadian and M\u00e9tis deployments in North America by showing how migration has influenced social development and collective identity. Each of the 11 chapters addresses a facet of these movements, from the mid-18th century to the Great Depression, primarily in five geographic areas \u2014 Quebec, Manitoba, New England, the American Midwest, and the Pacific Coast.<\/p>\n<p>Written in French and English.<\/p>\n","protected":false},"featured_media":21463,"comment_status":"open","ping_status":"closed","template":"","meta":{"_acf_changed":false},"product_cat":[301,874,302],"product_tag":[],"acf":[],"_links":{"self":[{"href":"https:\/\/www.historymuseum.ca\/boutique\/wp-json\/wp\/v2\/product\/21187"}],"collection":[{"href":"https:\/\/www.historymuseum.ca\/boutique\/wp-json\/wp\/v2\/product"}],"about":[{"href":"https:\/\/www.historymuseum.ca\/boutique\/wp-json\/wp\/v2\/types\/product"}],"replies":[{"embeddable":true,"href":"https:\/\/www.historymuseum.ca\/boutique\/wp-json\/wp\/v2\/comments?post=21187"}],"wp:featuredmedia":[{"embeddable":true,"href":"https:\/\/www.historymuseum.ca\/boutique\/wp-json\/wp\/v2\/media\/21463"}],"wp:attachment":[{"href":"https:\/\/www.historymuseum.ca\/boutique\/wp-json\/wp\/v2\/media?parent=21187"}],"wp:term":[{"taxonomy":"product_cat","embeddable":true,"href":"https:\/\/www.historymuseum.ca\/boutique\/wp-json\/wp\/v2\/product_cat?post=21187"},{"taxonomy":"product_tag","embeddable":true,"href":"https:\/\/www.historymuseum.ca\/boutique\/wp-json\/wp\/v2\/product_tag?post=21187"}],"curies":[{"name":"wp","href":"https:\/\/api.w.org\/{rel}","templated":true}]}}